en 324 is divided by 37.
28
What is the remainder when 40 is divided by 36?
4
What is the remainder when 1060 is divided by 28?
24
What is the remainder when 25 is divided by 15?
10
Calculate the remainder when 694 is divided by 84.
22
Calculate the remainder when 983 is divided by 116.
55
Calculate the remainder when 93 is divided by 19.
17
What is the remainder when 532 is divided by 116?
68
Calculate the remainder when 614 is divided by 181.
71
What is the remainder when 211 is divided by 71?
69
Calculate the remainder when 1207 is divided by 93.
91
Calculate the remainder when 118 is divided by 12.
10
What is the remainder when 60 is divided by 22?
16
What is the remainder when 35 is divided by 5?
0
Calculate the remainder when 610 is divided by 154.
148
What is the remainder when 57 is divided by 35?
22
What is the remainder when 47 is divided by 17?
13
Calculate the remainder when 69 is divided by 17.
1
What is the remainder when 203 is divided by 68?
67
What is the remainder when 1613 is divided by 21?
17
What is the remainder when 1316 is divided by 24?
20
What is the remainder when 39 is divided by 18?
3
Calculate the remainder when 127 is divided by 54.
19
What is the remainder when 528 is divided by 31?
1
What is the remainder when 596 is divided by 295?
6
Calculate the remainder when 703 is divided by 221.
40
What is the remainder when 202 is divided by 192?
10
What is the remainder when 4738 is divided by 60?
58
What is the remainder when 4445 is divided by 26?
25
What is the remainder when 621 is divided by 63?
54
Calculate the remainder when 82 is divided by 5.
2
Calculate the remainder when 2051 is divided by 114.
113
Calculate the remainder when 83 is divided by 48.
35
What is the remainder when 42 is divided by 15?
12
Calculate the remainder when 7995 is divided by 129.
126
What is the remainder when 8639 is divided by 48?
47
What is the remainder when 1489 is divided by 409?
262
What is the remainder when 174 is divided by 31?
19
What is the remainder when 2149 is divided by 8?
5
What is the remainder when 843 is divided by 142?
133
What is the remainder when 30 is divided by 8?
6
What is the remainder when 564 is divided by 270?
24
Calculate the remainder when 1418 is divided by 49.
46
What is the remainder when 101 is divided by 3?
2
Calculate the remainder when 56 is divided by 29.
27
Calculate the remainder when 426 is divided by 13.
10
Calculate the remainder when 187 is divided by 67.
53
What is the remainder when 670 is divided by 98?
82
Calculate the remainder when 85 is divided by 28.
1
Calculate the remainder when 666 is divided by 84.
78
Calculate the remainder when 5 is divided by 5.
0
Calculate the remainder when 2156 is divided by 359.
2
What is the remainder when 1971 is divided by 8?
3
Calculate the remainder when 184 is divided by 11.
8
What is the remainder when 719 is divided by 354?
11
Calculate the remainder when 3751 is divided by 139.
137
Calculate the remainder when 264 is divided by 182.
82
What is the remainder when 29 is divided by 23?
6
Calculate the remainder when 867 is divided by 87.
84
What is the remainder when 153 is divided by 16?
9
What is the remainder when 222 is divided by 37?
0
Calculate the remainder when 50 is divided by 7.
1
What is the remainder when 719 is divided by 67?
49
What is the remainder when 6926 is divided by 15?
11
Calculate the remainder when 359 is divided by 20.
19
What is the remainder when 191 is divided by 14?
9
Calculate the remainder when 978 is divided by 49.
47
What is the remainder when 2133 is divided by 9?
0
Calculate the remainder when 235 is divided by 54.
19
What is the remainder when 2392 is divided by 114?
112
Calculate the remainder when 1296 is divided by 322.
8
What is the remainder when 25 is divided by 9?
7
Calculate the remainder when 242 is divided by 4.
2
Calculate the remainder when 260 is divided by 80.
20
Calculate the remainder when 1126 is divided by 39.
34
What is the remainder when 478 is divided by 59?
6
What is the remainder when 962 is divided by 304?
50
Calculate the remainder when 144 is divided by 114.
30
Calculate the remainder when 23038 is divided by 192.
190
Calculate the remainder when 572 is divided by 12.
8
What is the remainder when 45061 is divided by 15018?
7
What is the remainder when 753 is divided by 33?
27
Calculate the remainder when 220 is divided by 160.
60
What is the remainder when 316 is divided by 160?
156
Calculate the remainder when 1277 is divided by 34.
19
What is the remainder when 12 is divided by 2?
0
What is the remainder when 3523 is divided by 177?
160
Calculate the remainder when 4763 is divided by 11.
0
What is the remainder when 222 is divided by 45?
42
Calculate the remainder when 83 is divided by 37.
9
Calculate the remainder when 17931 is divided by 21.
18
Calculate the remainder when 23 is divided by 12.
11
Calculate the remainder when 234 is divided by 36.
18
Calculate the remainder when 18 is divided by 14.
4
Calculate the remainder when 41 is divided by 28.
13
What is the remainder when 6432 is divided by 157?
152
Calculate the remainder when 57 is divided by 24.
9
What is the remainder when 155 is divided by 86?
69
What is the remainder when 691 is divided by 336?
19
Calculate the remainder when 72 is divided by 5.
2
Calculate the remainder when 2128 is divided by 15.
13
What is the remainder when 1614 is divided by 162?
156
Calculate the remainder when 1306 is divided by 41.
35
Calculate the remainder when 2761 is divided by 552.
1
What is the remainder when 10284 is divided by 121?
120
Calculate the remainder when 15 is divided by 6.
3
What is the remainder when 850 is divided by 425?
0
What is the remainder when 330 is divided by 98?
36
What is the remainder when 304 is divided by 53?
39
What is the remainder when 3381 is divided by 8?
5
What is the remainder when 4452 is divided by 135?
132
Calculate the remainder when 974 is divided by 245.
239
What is the remainder when 293 is divided by 39?
20
Calculate the remainder when 471 is divided by 79.
76
Calculate the remainder when 1423 is divided by 95.
93
What is the remainder when 313 is divided by 64?
57
Calculate the remainder when 241 is divided by 6.
1
What is the remainder when 92 is divided by 37?
18
What is the remainder when 393 is divided by 198?
195
What is the remainder when 262 is divided by 69?
55
What is the remainder when 321 is divided by 12?
9
What is the remainder when 423 is divided by 27?
18
Calculate the remainder when 1306 is divided by 431.
13
Calculate the remainder when 513 is divided by 103.
101
What is the remainder when 7126 is divided by 88?
86
What is the remainder when 1050 is divided by 63?
42
Calculate the remainder when 1520 is divided by 9.
8
Calculate the remainder when 858 is divided by 11.
0
What is the remainder when 233 is divided by 5?
3
Calculate the remainder when 20398 is divided by 10.
8
Calculate the remainder when 197 is divided by 95.
7
Calculate the remainder when 233 is divided by 63.
44
Calculate the remainder when 863 is divided by 263.
74
What is the remainder when 400 is divided by 11?
4
Calculate the remainder when 352 is divided by 89.
85
What is the remainder when 9627 is divided by 2406?
3
What is the remainder when 19 is divided by 5?
4
Calculate the remainder when 36 is divided by 19.
17
What is the remainder when 363 is divided by 16?
11
Calculate the remainder when 22 is divided by 17.
5
What is the remainder when 317 is divided by 53?
52
Calculate the remainder when 33 is divided by 17.
16
Calculate the remainder when 5302 is divided by 156.
154
Calculate the remainder when 12338 is divided by 43.
40
What is the remainder when 301 is divided by 65?
41
Calculate the remainder when 1715 is divided by 78.
77
What is the remainder when 350 is divided by 165?
20
Calculate the remainder when 461 is divided by 22.
21
What is the remainder when 2545 is divided by 116?
109
Calculate the remainder when 558 is divided by 43.
42
Calculate the remainder when 382 is divided by 77.
74
Calculate the remainder when 9708 is divided by 83.
80
Calculate the remainder when 1531 is divided by 32.
27
What is the remainder when 526 is divided by 16?
14
What is the remainder when 99 is divided b